uppose 2*s = 58 + u. What is the greatest common factor of 5 and s?
5
Let t = 6 + -9. Let j = t + 9. Calculate the greatest common divisor of j and 42.
6
Suppose -143 + 13 = -5*l. Let p(n) = 4*n**2 - 5*n - 3. Let q be p(4). Let j = q + 24. What is the highest common factor of j and l?
13
Let m(c) be the first derivative of -c**3/3 + 18*c + 1. Let s be m(0). Calculate the greatest common divisor of 54 and s.
18
Let a be 8/(-24) - (-3 - (-4)/6). What is the highest common factor of a and 4?
2
Let y be (-1 + -1)*(-6)/3. Suppose x - y*w = 16, 3*w + 38 = 3*x + x. Calculate the highest common factor of 4 and x.
4
Let d = 554 - 323. Suppose -3*a + 84 = a. What is the highest common factor of d and a?
21
Let y = -9 - -3. Let d be y/(-1 + (-1)/(-3)). Let r = 9 + 90. Calculate the highest common divisor of d and r.
9
Suppose 0 = 3*x + 2*p - 50, -5*x + 80 = -0*p + 4*p. What is the greatest common divisor of 20 and x?
20
Let z = -1 + 5. Suppose 0 = f + z*s, 2*f - 12 = 3*s + s. Calculate the highest common factor of 36 and f.
4
Let f(c) be the first derivative of 13*c**2/2 - 1. Suppose -5*m + 3 + 2 = 0. Let s be f(m). Calculate the greatest common factor of 52 and s.
13
Let f be 26 + (4 + -4 - 2). What is the greatest common factor of 12 and f?
12
Suppose 4*p + s - 163 = 0, -p - s - s + 32 = 0. Suppose -n - p = -2*n. What is the highest common factor of n and 6?
6
Let i = 33 - 19. Calculate the highest common factor of 154 and i.
14
Let z(v) = 4*v**2 - v - 2. Let q be z(2). Calculate the highest common factor of 4 and q.
4
Let w(u) = 13*u**2 - 3*u + 2. Let v be w(2). Suppose 2*l + n - 61 = 2*n, 3*l - 88 = 5*n. Let f = l + -19. Calculate the highest common factor of f and v.
12
Let p(i) = 3*i**2 + 4*i + 3. Let w be p(-3). Calculate the greatest common divisor of 12 and w.
6
Let p = -26 - -53. Suppose 0*r - r = -4*z - 30, -2*r + 51 = -5*z. Let j = 0 + r. Calculate the highest common factor of j and p.
9
Let q = -9 - -29. What is the highest common divisor of 10 and q?
10
Suppose -t = 5*s - 5*t - 30, t = -s - 3. Let a(m) = 0 + 1 + 3*m**2 - 8*m + 1 - 4*m**2. Let g be a(-8). What is the highest common factor of g and s?
2
Suppose -408 = -0*m - 8*m. Calculate the highest common divisor of m and 85.
17
Let c(p) = -p - 7. Let l be c(-7). Suppose -k - k + 26 = l. Calculate the highest common divisor of 117 and k.
13
Suppose 3*t = -t. Suppose 5*v + 14 + 11 = t. Let k(u) = u**3 + 7*u**2 + 7*u - 1. Let n be k(v). What is the highest common divisor of 98 and n?
14
Suppose 32*c + 24 = 35*c. Let j(i) = i + 4. Let x be j(-3). Calculate the highest common divisor of x and c.
1
Let s(v) = -8*v - 22. Let a be s(-4). Let c(z) = 2*z - 4. Suppose -2*l = 2 - 8. Let j be c(l). Calculate the highest common factor of j and a.
2
Let j(f) = f**2 + 10*f + 14. Let b be j(-10). Calculate the highest common divisor of 14 and b.
14
Suppose -5*a - 370 = -5*v, -9*a = 5*v - 4*a - 400. Calculate the highest common factor of 11 and v.
11
Let k = 7 + -4. Suppose -110 = -2*w - k*w. Let q = -80 - -135. What is the greatest common divisor of w and q?
11
Let g be 1*-3*(-3 - 4). Let h = 36 - g. Suppose -46 = -2*s + 44. What is the greatest common factor of h and s?
15
Suppose 2 - 14 = -v. What is the greatest common factor of 4 and v?
4
Let s = -23 - -48. Suppose -3 = -10*o + 97. Calculate the greatest common factor of s and o.
5
Suppose 3*c = -c - 16, 3*d + 32 = -2*c. Let t(f) = f**2 + 8*f + 4. Let y be t(d). Suppose -1 = -y*z + 47. Calculate the highest common divisor of 12 and z.
12
Let n(f) = 13*f - 6. Let w be n(2). What is the greatest common divisor of w and 5?
5
Let h(b) = -b - 7. Let c be h(-10). Suppose -12 = 3*r + r, 0 = c*g - 3*r - 15. Calculate the highest common factor of 18 and g.
2
Let l = 66 + -45. Calculate the highest common divisor of 21 and l.
21
Let n(x) = -x**3 + 11*x**2 + 14*x + 12. Let j be n(12). Calculate the highest common divisor of j and 24.
12
Let c = 9 - -1. Suppose -5*i + 49 + 1 = 0. What is the highest common factor of i and c?
10
Let g = 13 - -7. What is the highest common divisor of g and 5?
5
Let g(j) = -j**3 - 4*j**2 - 3*j + 4. Let r be g(-3). Suppose -2 = -r*w + 2*w, -n - 5*w = -55. Calculate the highest common divisor of n and 5.
5
Let h(i) = 2*i + 1. Let l be h(7). Suppose -2*c = l + 7. Let r = 1 - c. Calculate the greatest common factor of r and 84.
12
Suppose -20 = -3*j + 7. What is the greatest common factor of j and 3?
3
Let l be ((-3)/(-9))/(3/45). Suppose 3*q - 5*s - 55 = 6, 0 = -4*q - l*s + 23. What is the highest common factor of 8 and q?
4
Let o(f) = f**3 - f**2 + f - 1. Let b be o(2). Let y(a) = 40*a**3 - a**2 + 2*a - 1. Let x be y(1). Calculate the highest common factor of x and b.
5
Let x be ((-2)/4)/(4/24). Let p be 24/8*(-4)/x. Calculate the greatest common divisor of 32 and p.
4
Let p be (51/5 + -3)*5. Let l = -26 + p. What is the highest common divisor of l and 10?
10
Let m be 20/(-50) + 82*(-3)/(-15). What is the greatest common divisor of 56 and m?
8
Let f(b) = b - 9. Let s be f(12). Suppose 4*h + 131 = p, 2*h = -s*p + 5*p - 244. What is the greatest common factor of 17 and p?
17
Suppose 3*v = 5 + 10. Let l be (-9)/15 + 8/5. Calculate the greatest common factor of v and l.
1
Let n(u) be the third derivative of u**5/60 + u**4/8 + u**3/6 - 4*u**2. Let z be n(-5). What is the highest common divisor of 11 and z?
11
Let r be ((-3 - -2) + 0)*-73. Let z be 6/3 + (r - 0). What is the highest common divisor of z and 30?
15
Suppose 3*z = -2*j + 61, j + 3*j - 2*z = 162. What is the greatest common divisor of j and 95?
19
Suppose -2*t - h = 6 - 21, 0 = -3*t - h + 20. Suppose -3*i - 9 = -3*k + 2*k, -t*i = -5*k + 25. Let j = 27 + 6. Calculate the greatest common divisor of j and k.
3
Let l be 24 + -3 + 0 + -1. What is the highest common factor of l and 220?
20
Suppose -2*f = f - 6. Let k = -8 + 21. Suppose 3*n - 5*m - 41 = 0, -n - k = -4*n - f*m. Calculate the greatest common factor of 35 and n.
7
Suppose 99 = 4*l + 3*t - 0*t, 3*t - 36 = -l. Calculate the highest common divisor of l and 147.
21
Let a(l) = -l**3 - 5*l**2 + 2*l - 4. Let y be a(-6). Suppose 5*w + 5*d - y = 0, -4 + 10 = 3*d. What is the greatest common factor of 1 and w?
1
Let m be -2 + 20/(-1 - -3). Suppose t + 40 = 6*t. What is the highest common factor of m and t?
8
Let j be (-3 + 84/8)*2. Calculate the highest common divisor of j and 135.
15
Let i(y) = 30*y - 39. Let k be i(2). Calculate the highest common factor of 231 and k.
21
Let g = -2 + 1. Let m = 12 - g. Let a = m - -19. What is the highest common divisor of a and 16?
16
Let r(j) = -j + 9. Let i be r(5). Suppose -2*g - i*m = -208, 0 = 2*g - 0*m + m - 196. What is the highest common factor of g and 12?
12
Let l(g) = 74*g**2. Let k be l(1). Calculate the greatest common factor of k and 111.
37
Let i(p) = -9*p**3 - 2*p**2 + 2*p - 1. Let z be i(-2). What is the highest common factor of z and 59?
59
Let r(b) = -b**3 + 4*b**2 + 24*b - 1. Let w be r(7). What is the highest common divisor of w and 50?
10
Suppose 420 = 5*m - 4*t, -2*m + 3*t + 335 = 2*m. What is the highest common factor of m and 120?
40
Suppose 30 = -q + 6*q. What is the greatest common divisor of q and 96?
6
Let f(l) = l**2 - 4*l - 11. Let j be f(11). Calculate the highest common divisor of 22 and j.
22
Let w be 1/(-2*(-2)/(-12)). Let l = 1 - w. Suppose 2*i - 5 - 7 = -l*x, -5*i - 20 = 0. What is the highest common factor of 5 and x?
5
Suppose 4*d = 7*d - 9, -3*d = 3*q - 24. Calculate the greatest common divisor of 35 and q.
5
Let p be (-21)/(-4) + (-11)/44. Suppose -2*n = -3*n, 4*v + p*n = 84. Calculate the greatest common factor of v and 231.
21
Let o be ((-4)/2)/(6/(-69)). Suppose 432 + 534 = 6*d. Calculate the highest common factor of d and o.
23
Suppose -3*o + 53 = -i, -4*o + 6*o = -2*i + 38. Let w be o + (-3)/(-6)*0. Calculate the greatest common divisor of w and 162.
18
Let i = -4 - -8. Suppose i = 2*o + 2*m - 4, -28 = -3*o + 5*m. What is the greatest common divisor of 24 and o?
6
Let w = 0 - 5. Let o = w + 6. Calculate the greatest common divisor of 8 and o.
1
Let p be 0/1 + (31 - 1). Let f(t) be the third derivative of -13*t**4/24 + t**3 + 4*t**2. Let k be f(-3). What is the highest common factor of p and k?
15
Suppose 5*c + 4*d = 237, 55 = 2*c - d - 32. Let o